
False
Let l = 27 - -1040. Is l prime?
False
Let z(v) = v**3 - 2*v**2 - 5*v + 4. Let c be z(3). Is ((-84)/8)/(1/c) composite?
True
Let b be 4/6*9/3. Suppose -b*y + 20 = 3*c - 0*c, 2*y = -c + 12. Suppose -25 = -c*v + 3*a, v = -2*v - 2*a + 40. Is v a prime number?
False
Suppose 5 + 7 = 4*q. Suppose -7 + 64 = q*h. Let s = h + 16. Is s composite?
True
Suppose 3995 = -4*s + 9*s. Is s prime?
False
Is (-11)/(-22) + (-330)/(-4) a composite number?
False
Let l(j) = 89*j**2 + 10*j + 3. Is l(8) a composite number?
False
Suppose 4*t - 76 = -224. Is 1*(-2)/(2/t) composite?
False
Suppose 5*h - 715 = 5*u, 0 = -4*u - 2*h - 820 + 248. Let m = -92 - u. Is m a prime number?
False
Let a be 1 + 3/(-3) + -218. Is (-8)/4*a/4 composite?
False
Let t(g) = -75*g + 1. Let d be t(2). Let x = -27 - d. Let w = -60 + x. Is w prime?
False
Suppose -5 = -c - 1. Suppose 2*p + c = -p + 5*j, 4*j = -5*p + 18. Is 2/p + 33 + 1 a prime number?
False
Let h(a) = -6*a**2. Let i be h(-1). Let j(b) = b**2 + 7*b + 9. Let f be j(i). Suppose -5*y - 4*r = -157, -2*y - f*r + 20 + 40 = 0. Is y a composite number?
True
Suppose 0 = 29*u - 26*u - 4083. Is u composite?
False
Let v(g) = g - g - 4 + g**2. Let t be v(3). Suppose -4*o = -t*o + 10. Is o a prime number?
False
Is (-4)/(-6) - 2659/(-3) composite?
False
Suppose -505 = -2*o + 741. Is o a composite number?
True
Suppose 0 = 4*p + 4*n - 2952, -4*p - p + 3686 = n. Is p prime?
False
Let r(k) = 4*k**2 + k. Let a = 0 - 1. Let q be r(a). Suppose 0 = f + q*w - 13, -13 = -6*f + 3*f + 4*w. Is f a prime number?
True
Let i(g) = -11*g + 2. Is i(-4) a composite number?
True
Let q be -1*(2 - 2)/2. Suppose q = -z - 1 + 5. Is z prime?
False
Let z(d) = d**3 - 10*d**2 + 13*d - 14. Is z(13) composite?
True
Suppose -10 + 30 = 2*n. Let o = n - 10. Suppose o = 5*w - 199 - 616. Is w composite?
False
Let r be 10/45 + 34/9. Suppose 3 = 4*j - 5*g, -11 = -2*j + r*j - 5*g. Is j prime?
True
Let k(n) = n**3 + 18*n**2 + 22*n + 31. Is k(-12) a prime number?
True
Let j = -3 + 5. Suppose j*v = 5*v. Suppose v = -q + 6*q + 2*y - 111, -3*q + 2*y + 73 = 0. Is q a composite number?
False
Let b(f) = -1 - 3*f + f - 90*f**2 + 2. Let r(g) = -90*g**2 - 3*g + 1. Let i(y) = -5*b(y) + 4*r(y). Is i(-1) a composite number?
True
Let s = 39 - 22. Suppose s = y - 18. Is y prime?
False
Suppose -2*b = 5*k - 5567 - 2534, 4*k + 5*b - 6474 = 0. Is k a prime number?
True
Let w(z) be the third derivative of 0*z - 4*z**2 + 0 + 0*z**3 + 1/12*z**4. Is w(7) a composite number?
True
Suppose 2*k - 4 = -3*o, 0 = -5*k + 4*k + 5. Is 1*o*(-191)/2 composite?
False
Let o = 5 + -5. Let i(z) = -z**3 + z - 1. Let k be i(o). Let p(v) = -118*v**3 - v. Is p(k) a prime number?
False
Let o = 322 + -33. Is o a prime number?
False
Is (-3715)/(-15) + 6/(-9) a prime number?
False
Let k(t) = 41*t**2 - t. Let d be k(10). Suppose -703 = 5*g + 5*i - 4753, 3*i + d = 5*g. Is g composite?
True
Let a(d) = d**2 + d - 13. Suppose -4*i - 4*n + 52 = 0, -3*n + 2*n = 5*i - 57. Let b be a(i). Let s = 92 + b. Is s a prime number?
True
Let f = 3635 - 1117. Is f a prime number?
False
Let x be (-6)/(0 + -3)*-1. Is x + 14/1 - -1 a prime number?
True
Suppose 0 = 4*g + 20, 10*m - 800 = 5*m + 5*g. Is m prime?
False
Let s(j) = 25*j**2 - 2*j - 4. Is s(5) a composite number?
True
Let s(o) = -7*o + o - o + 7 + o**2. Let u be s(5). Is (u - 1)*(-117)/12 composite?
True
Let y(o) = o**3 - 2*o**2 + 4*o. Let x = 3 - -4. Let s be y(x). Suppose 2*q + 3*u = 182, -5*u + s = q + 2*q. Is q a prime number?
False
Let c be -2 + (-6)/(-1 + 0). Suppose 3*i = -4*h + 165, 52 = 4*h - 3*i - 95. Suppose -415 + h = -c*o. Is o a prime number?
False
Let f = -174 + 425. Is f a composite number?
False
Is (-8203)/(-5) + 34/85 a prime number?
False
Let j(h) = -h**3 + 10*h**2 - 2*h - 1. Let g(y) = y**3 + y**2 + 3*y + 2. Let v be g(-2). Let p be (18/v)/(1/(-4)). Is j(p) prime?
False
Suppose -2*m = -2*q + 16 - 4, -2*q = 2*m - 8. Suppose d + f = 3*d + 212, 5*d + q*f + 530 = 0. Let l = 13 - d. Is l a composite number?
True
Suppose -4*a = -a - 18. Is (-92)/a*(-8 - -5) composite?
True
Let k = -3 + 6. Let f be 1 - (k + (179 - 2)). Let r = f + 306. Is r composite?
False
Suppose 2*b + m = -11, 3*m - 4*m = -b - 4. Is (-9)/(-15) + (-482)/b a composite number?
False
Let u(z) = 1335*z**2 + 1. Let p be u(1). Suppose -y + v + 323 = 3*v, 0 = -4*y + 3*v + p. Is y composite?
False
Suppose -1583 = 5*n + 112. Let j = n + 576. Is 6/18*1*j composite?
False
Let i = -6 - -8. Suppose 2*f = -3*u - 38 + 111, -2*f + 68 = -i*u. Is f a prime number?
False
Let h = 919 + -522. Is h a prime number?
True
Let u be (0*(5 - 4))/(-2). Let t = 7 - 2. Suppose 2*a - 2*s = -u*a + 34, 0 = t*a + 2*s - 71. Is a composite?
True
Suppose -f + 12*f = 10835. Is f prime?
False
Suppose 4*i + 1904 = 4*g, 0 = -5*g + 2*i - 181 + 2570. Is g composite?
False
Suppose -3*f - 45 = 2*a + 38, 5*a = 2*f + 30. Let v = 71 + f. Is v prime?
False
Suppose -3*b - 26 = -995. Suppose o = 5*f + 124, 0 = -2*o - 4*f - f + b. Is o a composite number?
False
Suppose 5*g - g = 0, 5*o = g + 1985. Is o prime?
True
Let u be -2*3*3/(-6). Suppose 7 = -u*n + 5*d, -n + 5*d = d + 7. Is 2/2*3*n prime?
True
Suppose 2*f - 4*j - 70 = 94, 5*f - 392 = 4*j. Suppose 4*k = 0, -5*p + p = -k - f. Is p a composite number?
False
Let z = -103 - -638. Is z a prime number?
False
Suppose -9 = -4*d - 3*v + 2*v, 2*v - 2 = 0. Is 1/d*(-4446)/(-9) a prime number?
False
Suppose 0 = -3*z + 5*s + 281, 3*s + 627 = 5*z + 132. Let d = z + -49. Is d a prime number?
True
Let f(s) = -s**3 - s**2 - 2*s - 21. Let n be f(0). Let y = 58 - n. Is y prime?
True
Let w(m) = -11*m + 3. Let g be w(4). Let a = -19 - -27. Let z = a - g. Is z composite?
True
Suppose 162 = 5*n - n + 5*r, -3*n + 123 = 3*r. Is n a composite number?
False
Let k(w) = w**3 + 3*w**2 - 4*w. Let y be k(3). Let n = y - -27. Is n prime?
False
Let f = 6 + -4. Let a = f - 0. Suppose 15 = -8*n + 3*n, a*d - 50 = 4*n. Is d composite?
False
Suppose -10*u + 3453 = -7*u. Is u prime?
True
Let r = 610 + 82. Let p = -249 + r. Is p composite?
False
Suppose h - 2 = 3*w - 0, -4*h + 3*w = -17. Suppose -4*f + h*f - 2 = 0. Suppose -46 = -f*z + 64. Is z prime?
False
Suppose 0 = -2*y + 11 - 5. Is (y + 2)/((-4)/(-268)) a prime number?
False
Suppose -4 = -2*r - 0. Suppose h + r*h - 12 = 0. Suppose -40 = -4*i + 5*n, -h*n = -i + 5 + 5. Is i prime?
False
Suppose -5*q + 3*f = -1044, 3*q + 3*f - 111 = 501. Suppose -5*g + q = -338. Is g a prime number?
True
Let i = -33 - -53. Let l be i/6*12/8. Suppose 5*n - 2*o = 3*o + 50, -41 = -l*n + 2*o. Is n a prime number?
True
Let i(b) = 2*b - 2. Let l be i(3). Suppose -y - l*y + 4*m = -311, 66 = y + 3*m. Suppose 0 = 3*k - 0*x - 3*x - y, -4*x + 87 = 5*k. Is k a prime number?
True
Suppose 3*x + x + 16 = 0. Let i(j) = -2*j**3 - 4*j**2 - 5*j + 3. Is i(x) prime?
False
Let y(p) = -6*p - 5. Suppose -6 = 3*k + 6. Let c be k*(2 + (-2)/8). Is y(c) a composite number?
False
Let n = 11 - -7. Suppose j + 3*m = 10, 6 = 4*m + n. Is j composite?
False
Let u(j) = j**3 + 2*j**2 - 4*j + 1. Let a be u(-3). Suppose 3*r - a*x + x = 153, 5*x - 153 = -3*r. Is r prime?
False
Let c(y) = -4*y**3 - 4*y**2 - 2*y - 7. Is c(-5) a composite number?
True
Suppose 20*n - 19*n = 1061. Is n a prime number?
True
Let o be (3/(-3) - -1)/(-2). Suppose -s + 27 = -o*s. Is 2/9 - (-264)/s prime?
False
Let h(o) = -o**2 - 9*o + 12. Let l be h(-10). Is l/(-1)*245/(-10) prime?
False
Let q(z) = z**2 - 8*z - 6. Let m(o) = -2*o**2 + 16*o + 12. Let g(w) = 3*m(w) + 5*q(w). Let l be g(6). Suppose j - l = 7. Is j a composite number?
True
Let f be (36 - (-9)/(-3)) + 1. Let v = 68 - f. Is v prime?
False
Let i(r) = 264*r**2 + 2*r - 1. Let c be i(1). Suppose l - c = -5*h + 1023, -5*l - 1013 = -4*h. Is h a composite number?
False
Suppose -g = -s + 718, 3*s + 4*g - 320 = 1813. Let l = -492 + s. Is l composite?
False
Let w be (-1)/2*(-203 - -1). Suppose 0 = -3*t - 38 + w. Is t prime?
False
Suppose 0 = 5*c - 2*c - 231. Is c prime?
False
Let s(v) = 1. Let z(y) = -6*y - 8. Let n(f) = -3*s(f) + z(f). Is n(-5) a composite number?
False
Let p(f) = -f**3 + 6*f**2 + f - 3. Let i be p(6). Suppose -d = -i*d + 98. Is d a prime number?
False
Let t = 1105 - 438. Is t prime?
False
Let j(f) = f**2. Let p(x) = -624*x**3 - 6*x**2 + x. Let k(b) = 6*j(b) + p(b). Is k(-1) prime?
False
Let l = 413 + 